 + -19 + (-5 - -8)
73
What is -11 - -49 - (117 + -103)?
24
What is -22 - (-48 - -11 - -42)?
-27
Calculate -6 + -11 + 3 + -8 + (1 - 15) + 110.
74
Calculate -54 - (56 - (-93 + 194)).
-9
-3 + -15 + (10 - 2) - (-20 - 2)
12
What is the value of 69 + 2 - (2365 + -2395)?
101
-80 - 0 - ((0 - -7) + 0 - (-115 - -110))
-92
Calculate 5 + 1 + -22 + 16 + -3 + 9.
6
Evaluate 3 - ((192 - 197) + 0 + 11) - -53.
50
-60 + 65 + -5 + 4
4
-16 + 30 + -31 + 35
18
Calculate (-113 - (-24 + 26)) + 127.
12
Evaluate -1 + 13 - (17 + -12 + -1 - (13 + 20)).
41
1 + -3 + 3 + (-8 + 33 - 19) + -5
2
What is the value of 32 + -1 + -7 - -13?
37
Evaluate -19 - (64 + (54 - 67)).
-70
(-28 - (-15 + -17)) + 13
17
(18 - -1 - 13) + -39 + -15
-48
What is the value of 21 + (-38 - (-14 + 34 - 32))?
-5
Calculate -137 - (50 + -169) - (0 + -47).
29
What is the value of (11 - 0 - ((28 - (169 + -1)) + 32)) + -9?
110
7 - (-26 + 1 + (26 - -51) + -62)
17
What is the value of 2 + -7 - (26 - 20 - (4 + -3) - -2)?
-12
Calculate (976 - 977) + -5 + (-1 + -1 - -3).
-5
What is 57 + (-30 - (-11 - -4) - -14)?
48
Calculate -5 + -5 + 36 + -18 + 2.
10
What is 1 + (11 - 10 - -6 - (35 - 32))?
5
Calculate (0 - -2 - -19) + (-1499 - -1486).
8
Evaluate -136 - (1 - 28 - (-27 + 4) - 17).
-115
1 - (-10 - ((11 - 1) + 13 + -15 + -7))
12
Evaluate 0 + -10 + (-443 - -420) - (-6 - 0).
-27
-102 - (-9 + (-7 - 1) + (-14 - -10) + 14)
-95
What is -7 + 88 - -1 - ((43 - 46) + 4)?
81
Calculate -27 + 125 + -11 + 33.
120
18 + 2 + (-583 - -503)
-60
1 + -9 + (17 - (-8 + (4 - -12))) + -63
-62
What is the value of 9 - -10 - -7 - (64 + -82)?
44
44 - 13 - (-8 + (5 - (-5 + 0)))
29
What is the value of 31 - (-22 - -31 - 2) - 49?
-25
What is the value of 2 - -2 - (-5 - (9 + -7 + 14 - 46))?
-21
Calculate (-7 - (-21 - (-10 + -15))) + 57.
46
2 - ((91 - 0) + (637 - 631))
-95
-185 - -148 - (10 + -10)
-37
Evaluate (13 - (17 - -9) - -5) + 7 + -1 - -2.
0
73 + -2 + (16 + 29 + -66 - -8)
58
Evaluate -3 - (46 + 10 - 16).
-43
What is the value of -11 + (-24 - (10 - 26)) + -12?
-31
What is (43 - (104 + -39)) + -3 + 2?
-23
Calculate 25 - (13 + -3 - 2) - 90.
-73
Calculate 3 + -71 + 49 + (13 - 25).
-31
12 + (1 + 3 - (42 + -74))
48
Evaluate 3 + 4 - 14 - (-34 + 27).
0
What is (30 - 39 - 23) + 28 - 25?
-29
Evaluate ((32 - 16) + (-8 - -2) - -146 - -3) + -16.
143
Calculate (-27 - (-2 + (-12 - 5))) + 30 - (5 - -1).
16
Calculate -961 - -963 - ((3 - 1) + -4) - 48.
-44
Evaluate 0 + 16 + (-7 - 1) - ((-2 - 50) + -4).
64
Calculate -8 + (-8 - -5 - -1) + -21 + 13 + 3.
-15
Evaluate -39 + -4 + 33 + -29 + -68.
-107
Evaluate 25 + (18 - -20) - (-14 + 40).
37
What is 116 + (-447 - -440 - (-1 - -12))?
98
Evaluate -3 + 3 - (-13 - (9 - (-13 - -65) - -12)).
-18
Calculate (8 - -1 - -3) + (4 - 15) + 40 + -1.
40
-19 - (-38 - -16) - 1 - -18
20
What is the value of -20 + (-19 - (11 - 26)) + 29?
5
Calculate 0 + 22 + (-42 + 17 - -16).
13
11 - -4 - 8 - (19 + -3 + 24)
-33
What is the value of 120 - (97 - 9) - (-2 + 19)?
15
What is the value of 37 + -49 + 31 + (-1 - -5) + 5?
28
Calculate -141 + (-16 - -125 - 55).
-87
7 + 6 + (-54 - (-17 + 8)) - -13
-19
-1 - (-22 + (15 - -44))
-38
Calculate 0 + -37 - (44 + -109).
28
What is the value of (-53 - 0) + (-227 - (-75 - 162))?
-43
Calculate (39 + -226 - -33 - -18) + 4.
-132
(29 - 4 - 5) + -1 + -20 + -138
-139
What is the value of 132 - (20 + (42 - 19))?
89
Calculate 0 - 57 - ((2 - (19 - -16 - 6)) + 19).
-49
What is the value of -18 + (7 - 3) + -865 + 816?
-63
What is the value of 8 + (-4 + 3 - (13 - 3)) + 29?
26
9 - -3 - (-2 - -2 - -101 - (191 - 208))
-106
Evaluate (47 - 3) + (21 + (33 - 9) + -25 - 6).
58
Evaluate (-369 - -219) + 110 + -19.
-59
Calculate -2 + -1 + 3 + 3 + (-23 + -37 - -71).
14
-37 + 15 + 52 + -4
26
What is 1 + (25 - 20) + (-1 - -49) + 13?
67
What is the value of -25 + (8 - -66 - 51)?
-2
Evaluate 2 + (1499 - 1505 - (-1 - (-2 + 20))).
15
Calculate (1087 - 1003) + (-104 - -4).
-16
Calculate -65 - (-19 - 14 - -61 - 17).
-76
(-6 - -12 - -55) + (-48 - -30)
43
Evaluate 11 + 2 + -1 + 19.
31
(34 - (23 + 47)) + 0
-36
Evaluate 27 + -12 + (12 - 28) + 11 + (1 - 79).
-68
What is -36 - (45 + -88 + 20) - (1 + 5)?
-19
What is -62 + (-60 - 28) - -55?
-95
What is (22 + -19 - -27) + -28 - -51?
53
What is the value of -1 + 7 + -2 - (-35 - -16) - (-54 + 52)?
25
Calculate 137 + (-1 - 27 - (851 + -862 + (-4 - 1))).
125
What is the value of (-1 - -1) + (-2 + 9 - (-407 + 403)) + -22?
-11
What is (21 + -5 - 15) + -2 + 4 + 2 + -44?
-39
What is the value of 28 + 6 - 7 - (40 - 27)?
14
-26 + (-29 - -65) + -5
5
What is 110 + 141 + -260 - (45 + -2 + (-2 - -1))?
-51
(16 - 29) + (-64 - -8)
-69
What is -4 + (80 - -1 - (-11 - -31))?
57
Calculate 15 + (-79 - (-2 - 17)) - ((-1 - 2) + 10).
-52
Calculate 153 - (-41 + 43 + 31) - -8.
128
(-30 - (-16 + -29) - 5) + -46
-36
Calculate (-17 - -29 - 28) + 15 + (-103 + 2 - 1).
-103
Evaluate (-31 - (37 + -20) - 5) + -12 - (2 + 4).
-71
What is the value of 1 + -2 + -55 + 8 + 33 + -47?
-62
What is the value of -6 - ((8 - 2) + -16) - (345 - 274)?
-67
What is -108 - ((34 - (-26 - -113)) + 32)?
-87
Evaluate 28 + (-7 - -16) + (14 - (38 + -20)).
33
Calculate (13 - -13) + -9 + -30 - (0 - 1).
-12
What is the value of 36 + -64 + 15 + (0 - 3)?
-16
Calculate -12 + -6 + 5 + (18 - 6) + -9.
-10
What is -20 - (-49 - (-67 + 17))?
-21
(0 - (-2 - -4) - -2 - -12) + (-148 - -77)
-59
Calculate -9 + -4 + 12 + -67 - (-7 + 5).
-66
What is the value of 285 + -38 - 263 - (-82 + (-1 - 1))?
68
Evaluate 59 - (69 + -93 + 97).
-14
(74 + -98 - (-2 - 69)) + 4
51
What is -42 + 1 - (1484 - 1514)?
-11
What is the value of -98 + 92 - ((11 - 6) + -2)?
-9
(-48 - -60) + 0 - (-13 - 4)
29
140 - -5 - 0 - ((-43 - -42) + 23)
123
What is the value of (761 - 726) + (3 - -5)?
43
Evaluate -23 + -412 + 481 + 5 + 0.
51
63 - (52 + 52 - 11)
-30
Evaluate (31 - 3 - 1) + -79 + 14 + 56.
18
Evaluate 6 + (-90 + 87 - (0 + -2)) + -73 + 2.
-66
What is -30 - ((-131 - -103) + -72 + -1)?
71
Evaluate 51 + -37 + -41 + 63.
36
Calculate 73 + -41 - (-2 + -1) - (176 + -170).
29
Evaluate -63 + 73 + -3 + -34.
-27
4 + -5 + -11 + (2169 - 2146)
11
What is the value of 44 + (-77 - (46 - 114))?
35
What is the value of 72 + (-74 - -44) + 27 + -5 + -3?
61
0 + 1 + (-12 - -1) + 71 + -88
-27
What is the value of 1 - 0 - ((278 - 233) + (3 - 1 - 1))?
-45
Evaluate -2086 + 2120 + (3 - 0 - -60).
97
Calculate -74 - (100 + -157) - 29.
-46
(-42 - -5) + (-4 + 10 - 11 - -7)
-35
What is the value of 2 + 7 + -48 + 5 + -11 + (-37 - -34)?
-48
What is the value of -49 - ((9 - 11) + (-6 - -14)) - (-1 + 7)?
-61
What is the value of -74 - (-75 + 5) - (9 - (1 + -1))?
-13
What is (-23 - -3) + 11 + (-12 - -4) + 15 - 83?
-85
Evaluate -51 + (-27 - -56 - -11).
-11
(-32 - (-32 - -13)) + (-3 - (-2 + -3))
-11
Calculate 5 + 1 + 0 + -1 + 9 + 1048 + -1051.
11
What is -17 + -24 + (1 - -2) + -30?
-68
(1254 - 1288) + 1 + -14
-47
-4 - (4 - 39 - (38 - 55))
14
Evaluate 13 + (1 - ((-12 - -10) + 5)) + -1.
10
Calculate -1 - (135 - 7) - (21 - 60).
-90
Calculate 15 + (-1 - 6 - -1) + -56 + 30.
-17
Calculate (-35 - -137) + -67 + (-38 - 1).
-4
-61 + (-58 - -42 - (-9 + 5)) + (5 - 0)
-68
What is -7 + (66 - 10) + (0 - 26)?
23
Evaluate 1 + -5 + 70 + 7.
73
What is -96 + -2 - (-238 - -85)?
55
Evaluate (33 - 26) + (-34 - -20) - 73.
-80
-53 - (5 + 8 + -14 + -10)
-42
Calculate 4 - -6 - (-262 - -215).
57
What is 426 - 373 - (-3 + 6 - -9 - 0 - 3)?
44
Calculate 99 - 150 - 39 - -58.
-32
What is 4 + (-17 - -9) + 0?
-4
Calculate 36 + 29 + (-67 - -22).
20
What is (0 - 11) + (8 - -2 - 7 - -1) - -20?
13
What is the value of -28 - (-3 - 1 - (-10 + -14 - -23))?
-25
6 + (118 - 109 - (2 + (-6 - -3)))
16
What is the value of (-4 - 10 - -35 - -25) + -17?
29
What is the value of (-122 - 64) + 213 + (0 - 97)?
-70
Calculate 42 + -16 + (-10 - (-44 - 12)).
72
Evaluate 35 + 16 + 61 + -93.
19
What is the value of -46 - (-28 - -17) - ((-5 - (2 + -4)) + 16)?
-48
What is the value of -1 + -2 + -25 - -17?
-11
-1206 - -1178 - (17 + 0) - 28
-73
Evaluate (-1 - -3 - (-3 - -29)) + 445 + -455.
-34
Evaluate (-2 - (1 + -2 - 7)) + (-276 - (-352 + 77)).
5
What is the value of (-4 - -52) + (-72 - (72 - 134))?
38
Evaluate -1 + (0 + 0 + -1 + 11 - (17 - 0)).
-8
20 - (4 + -26 + (10 - -19))
13
What is -55 - (-4 + 16) - (8 + (-8 - -4) + 0)?
-71
-68 + 67 + -3 + 5 + -1 + 60
60
Evaluate (-3 - 1) + ((0 - 13) + (12